 -38*n + 1384. Calculate the remainder when n is divided by d(-5).
9
Let n(t) = t**3 - 11*t**2 + 9*t + 166. What is the remainder when n(15) is divided by 29?
12
What is the remainder when 1010 is divided by (-804)/1474 + (-3290)/(-22)?
116
Let k be 24/132 - (-24)/(-11). Let u be (-27066)/(-48) + (2/k)/(-8). Suppose 0 = r + 11*r - u. Calculate the remainder when r is divided by 12.
11
Suppose 5*y - 495 = -2*m, 4*m - 6*y = -y + 915. Let k = -224 + m. What is the remainder when 196 is divided by k?
9
Let b = 1 + 193. Suppose -83 = -4*l + 6*z + 53, -4*l + z + 116 = 0. Calculate the remainder when b is divided by l.
26
Suppose 2*j - 139*o + 143*o - 432 = 0, -2*j + 442 = -o. What is the remainder when j is divided by 213?
7
Let r = -144 - -143. Let f(k) = -92*k + 8. What is the remainder when f(r) is divided by 31?
7
Let p be (-1 + 0)*-6 - (35 + -34). Let y(c) = 9*c**2 + 9*c + 4. Let i be y(-6). Suppose 116 + i = p*m. Calculate the remainder when m is divided by 20.
18
Suppose -654 = -15*w + 1116. Let x(c) = -7*c + 4. Let l be x(2). What is the remainder when w is divided by (-396)/l + 2/5?
38
Let f = 37 + -34. Suppose 57 = -0*c + 3*c - b, -4*b = f*c - 42. What is the remainder when 60 is divided by c?
6
Suppose -5*m - 5*j + 530 = 0, 5*m - 489 = -j + 77. Calculate the remainder when 828 is divided by m.
23
Calculate the remainder when -2*((-2571)/2 + (43 - 38)) is divided by 89.
69
Let x = 28012 - 27984. Let h = 685 - 322. What is the remainder when h is divided by x?
27
Let h(t) = -9*t - 9*t - 4*t + 23*t - 1. Let r(x) = 4*x - 49. Let z(q) = 3*h(q) - r(q). What is the remainder when z(-13) is divided by 21?
17
Suppose 13*i - 2388 = -1049. Calculate the remainder when 299 is divided by i.
93
Let q(p) = 0*p**2 + p**3 - 8*p**2 + 9*p + 0 + 3 - 13. Let o(y) = -y**3 + 6*y**2 - 7*y + 16. What is the remainder when o(5) is divided by q(7)?
2
Let v(b) = -b + 26. Let u(l) = -6*l + 11. Let t(o) = 9*o - 22. Let h(j) = 3*t(j) + 5*u(j). What is the remainder when h(-33) is divided by v(13)?
10
Suppose -2*v - 4*u + 432 = -768, -5*v + 2922 = -3*u. Calculate the remainder when v is divided by 194.
6
Suppose -b + 2*l = -354 - 6, -1489 = -4*b + l. What is the remainder when b is divided by 127?
120
Suppose 79 + 349 = 2*l - 4*j, -220 = -l + j. What is the remainder when l is divided by 63?
37
Suppose 26*i - 11*i = 6720. Let d = i - 408. Calculate the remainder when d is divided by 8.
0
What is the remainder when 210 is divided by (3465/(-605))/(1/(-11))?
21
What is the remainder when ((-58)/(-2))/(174/9 - (35 + -16)) is divided by 2 + 19/1 + 2?
18
Let f(n) = 9*n**2 - 7*n + 92. Let x(o) = 4*o**2 - 3*o + 46. Let r(u) = -3*f(u) + 7*x(u). Let v = 2 - 2. Calculate the remainder when r(v) is divided by 17.
12
Suppose -2*y - 3*y - 405 = -5*s, 5*y + 25 = 0. Suppose -4*h + s = -4*l, -5*l - 3 = -h + 32. What is the remainder when 107 is divided by h*6/(-5)*(-27)/18?
26
Suppose -1238 + 258 = -5*x. Suppose 3*w + 2*o = 147, -7*o + 6*o - x = -4*w. Suppose -2*r + w = 5*r. What is the remainder when 26 is divided by r?
5
Let u = -5102 - -5734. Calculate the remainder when u is divided by 65.
47
Suppose 4*s - 46 = 90. Let p = 328099 + -328038. What is the remainder when p is divided by s?
27
Suppose -14538 = 258*g - 279*g - 2589. What is the remainder when g is divided by 26?
23
Let q = -400 + 608. Suppose 0 = 26*h - 24*h - 84. What is the remainder when q is divided by h?
40
Let g be ((3 + -3)/4)/2. Calculate the remainder when (3/4)/((-81)/(-540)) is divided by -4 + g + (-4 - -13).
0
Let d(s) = -s**2 + 31*s - 123. What is the remainder when d(18) is divided by 8?
7
Let x = -5949 + 6215. Calculate the remainder when x is divided by 39.
32
Suppose 491 = 4*o - c + 61, 4 = -2*c. Let f = o - 53. Calculate the remainder when 160 is divided by f.
52
Suppose 1292 = 52*l + 24*l. Let a = -8 - -7. What is the remainder when (2/a)/(10/(-165)) is divided by l?
16
Let y = -3172 + 3239. Calculate the remainder when 470 is divided by y.
1
Suppose -4*d + 144 = v, 0 = -2*v - 923 + 907. Calculate the remainder when 28004 is divided by d.
36
Let p(k) = -10*k - 114. Let q be p(-14). Suppose o + q*o - 4374 = 0. What is the remainder when 329 is divided by o?
5
Let b = 59 + -49. Suppose 11*u + 3*j = 15*u - 251, -4*u = 4*j - 216. What is the remainder when u is divided by b?
9
Calculate the remainder when 2874 is divided by -15 + 624/80*5 + 2/2.
24
Suppose -2*j + 4*p + 336 = 0, -4*p - p = -j + 159. Let a(g) = g - 7. Let l be a(12). Suppose l*w - j = -w. Calculate the remainder when w is divided by 15.
14
Let k be (-5)/(-6*(-6)/18)*-2. Suppose 5*p = k*u + 235, -90 = 5*u - 80. What is the remainder when 100 is divided by p?
10
Suppose -21*t - 210 = -22*t. Suppose -4*y = -14*y + t. Calculate the remainder when y is divided by 7.
0
Calculate the remainder when 308 is divided by ((140/(-21))/(-10))/((-10)/(-1395)).
29
Suppose 5605 = 72*x - 7499. Calculate the remainder when 261 is divided by x.
79
Calculate the remainder when 6303 is divided by (16/(-38))/4 - 194740/(-988).
196
Suppose 0 = d - 3*n - 178, -5*d + 873 = -22*n + 24*n. What is the remainder when 380 is divided by d?
30
Let y(n) = 4*n - 2. What is the remainder when -8 + 23 + -2 - -56 is divided by y(5)?
15
Let z = 25 + -24. Suppose -c = -z - 1. Suppose o - g = -2*o + 59, -3*o = c*g - 71. What is the remainder when 81 is divided by o?
18
Calculate the remainder when 340 is divided by (6 + (-13)/1)*-37.
81
Suppose 0 = 46*r - 44*r, -4*w - 2432 = 5*r. Let u = 629 + w. Calculate the remainder when 71 is divided by u.
8
Suppose -2*s - 2*s = -3*m - 4, 5*s - 5 = 2*m. Suppose 3*d - 20 = q, 5*d + 0*q + 4*q - 56 = m. Calculate the remainder when (-4)/3 - 2016/(-54) is divided by d.
4
Suppose -2*d + 100 = 5*h + 72, 5*h + 26 = 4*d. Let g(t) = t**3 - 3*t**2 + 4. Let r be g(4). Calculate the remainder when 18 is divided by d/(-12) + 235/r.
7
Let l(d) = -d**2 + 20*d + 4. Let q = 7613 - 7598. What is the remainder when l(10) is divided by q?
14
Let m(y) = -78*y**3 - 3*y**2 + 44*y + 189. Calculate the remainder when m(-4) is divided by 19.
17
Let w = -30 + 55. Let d = 4571 + -4500. Calculate the remainder when d is divided by w.
21
Suppose -3*o = 3*p - 2*o + 9, -17 = 5*p + o. Let n be ((-9)/p + 4)*36. Let y = 320 - n. Calculate the remainder when y is divided by 33.
29
Suppose 76*k - 72*k - 252 = 0. What is the remainder when ((-8)/6)/((-6)/k) is divided by 6/(-4)*(-60)/10?
5
Let n(l) = 9*l**2 + 38*l - 306. What is the remainder when n(7) is divided by 17?
10
Suppose 2513 = 42*d - 7. Calculate the remainder when 291 is divided by d.
51
Let a = -1920 + 2113. Calculate the remainder when a is divided by 94.
5
What is the remainder when 1016 is divided by 3372/10 + (-104)/(-130)?
2
Suppose 4*q = 4*f + 76, -19*q - f + 23 = -18*q. Suppose 6*v - 246 = 6. Calculate the remainder when v is divided by q.
0
Let u be (16 - 48)/(1/(-30)). Calculate the remainder when (84/(-210))/(0 - 3/u) is divided by 43.
42
Let s = 8718 + -8668. What is the remainder when 9599 is divided by s?
49
Let y = -75 - -109. Suppose -27*p = -y*p + 658. Suppose 3*j = 2*g + p, -j = 2*j + g - 97. What is the remainder when j is divided by 5?
2
Let k be 1/((-99)/(-102) - 1). Suppose 3*g = 4*j + 272, 109 + 98 = -3*j + 3*g. Let h = k - j. Calculate the remainder when 60 is divided by h.
29
Let d(l) = 24*l - 378. Suppose 2*x - 93 = n + 25, -4*x - 3*n = -226. Calculate the remainder when d(35) is divided by x.
56
Suppose 0 = 2*b + d - 1279, 8*d = 3*b + 12*d - 1921. Calculate the remainder when b is divided by 105.
9
Suppose -s = -5*d + 146, 3*d - 85 = -0*d - 2*s. Let m be -1 - ((3 - (4 + -1)) + -39). Suppose -4*f + 378 = m. Calculate the remainder when f is divided by d.
27
Suppose 36*h = 29*h + 1946. Suppose 12*n - h = 22. Calculate the remainder when 55 is divided by n.
5
Suppose -2*u - 54 = 76. Suppose 161 = 36*n - 29*n. Calculate the remainder when (u/10)/(2/(-28)) is divided by n.
22
Suppose -26*n = 8119 - 26943. What is the remainder when n is divided by 227?
43
Suppose h = -4*h, p - 2*h = -14. Let r = 61 - p. Calculate the remainder when r is divided by 13.
10
Let l be (1/(-2))/((-7)/1974). Suppose -3*y + 5*q - 144 - 45 = 0, -q = -2*y - 119. Let t = y + l. What is the remainder when t is divided by